{"id":123,"date":"2020-07-04T14:39:49","date_gmt":"2020-07-04T14:39:49","guid":{"rendered":"http:\/\/www.univnt.ro\/?page_id=123"},"modified":"2021-10-05T12:25:07","modified_gmt":"2021-10-05T12:25:07","slug":"corp-profesoral-eaa","status":"publish","type":"page","link":"https:\/\/www2.univnt.ro\/index.php\/facultati\/facultatea-de-economie-si-administrarea-afacerilor\/corp-profesoral-eaa\/","title":{"rendered":"CORP PROFESORAL EAA"},"content":{"rendered":"\n<ol><li> <a href=\"http:\/\/www.univnt.ro\/index.php\/profesorii\/prof-univ-dr-jula-nicoleta\/\"><strong>Prof. univ. dr. JULA Nicoleta <\/strong><\/a><\/li><li> <a href=\"http:\/\/www.univnt.ro\/index.php\/profesorii\/prof-univ-dr-margulescu-serghei\/\"><strong>Prof. univ. dr. M\u0102RGULESCU Serghei <\/strong><\/a><\/li><li> <a href=\"http:\/\/www.univnt.ro\/index.php\/profesorii\/prof-univ-dr-nedelcu-elena\/\"><strong>Prof. univ. dr. NEDELCU Elena <\/strong><\/a><\/li><li> <a href=\"http:\/\/www.univnt.ro\/index.php\/profesorii\/prof-univ-dr-vasile-valentina\/\"><strong>Prof. univ. dr. VASILE Valentina <\/strong><\/a><\/li><li> <a href=\"http:\/\/www.univnt.ro\/index.php\/profesorii\/conf-univ-dr-bragaru-constantin\/\"><strong>Conf. univ. dr. BR\u0102GARU Constantin <\/strong><\/a><\/li><li> <a href=\"http:\/\/www.univnt.ro\/index.php\/profesorii\/conf-univ-dr-cretan-adina-georgeta\/\"><strong>Conf. univ. dr.\u00a0CRE\u0162AN Adina Georgeta <\/strong><\/a><\/li><li> <a href=\"http:\/\/www.univnt.ro\/index.php\/profesorii\/conf-univ-dr-gheorghe-cristian\/\"><strong>Conf. univ. dr.\u00a0GHEORGHE Cristian <\/strong><\/a><\/li><li> <a href=\"http:\/\/www.univnt.ro\/index.php\/profesorii\/conf-univ-dr-grigore-maria-zenovia\/\"><strong>Conf. univ. dr.\u00a0GRIGORE Maria Zenovia <\/strong><\/a><\/li><li> <a href=\"http:\/\/www.univnt.ro\/index.php\/profesorii\/conf-univ-dr-radoi-madalina-antoaneta\/\"><strong>Conf. univ. dr.\u00a0R\u0102DOI M\u0103d\u0103lina Antoaneta <\/strong><\/a><\/li><li> <a href=\"http:\/\/www.univnt.ro\/index.php\/profesorii\/conf-univ-dr-stanciu-costel\/\"><strong>Conf. univ. dr.\u00a0STANCIU Costel <\/strong><\/a><\/li><li> <a href=\"http:\/\/www.univnt.ro\/index.php\/profesorii\/conf-univ-dr-stoica-emilia-cornelia\/\"><strong>Conf. univ. dr.\u00a0STOICA Emilia Cornelia <\/strong><\/a><\/li><li> <a href=\"http:\/\/www.univnt.ro\/index.php\/profesorii\/conf-univ-dr-sudacevschi-mihaela\/\"><strong>Conf. univ. dr.\u00a0SUDACEVSCHI Mihaela <\/strong><\/a><\/li><li><a href=\"http:\/\/www.univnt.ro\/index.php\/profesorii\/conf-univ-dr-teodorescu-sandra-cezarina\/\"><strong> Conf. univ. dr.\u00a0TEODORESCU Sandra Cezarina <\/strong><\/a><\/li><li> <a href=\"http:\/\/www.univnt.ro\/index.php\/profesorii\/lect-univ-dr-bucur-norica-felicia\/\"><strong>Lect. univ. dr.\u00a0BUCUR Norica Felicia <\/strong><\/a><\/li><li><a href=\"http:\/\/www.univnt.ro\/index.php\/profesorii\/asist-univ-dr-diamandescu-andrei-sebastian-lucian\/\"><strong>Lect. univ. dr.\u00a0DIAMANDESCU Andrei Sebastian Lucian<\/strong><\/a><\/li><li> <a href=\"http:\/\/www.univnt.ro\/index.php\/profesorii\/lect-univ-dr-dumitru-paula-andreea\/\"><strong>Lect. univ. dr.\u00a0DUMITRU Paula Andreea <\/strong><\/a><\/li><li><a href=\"http:\/\/www.univnt.ro\/index.php\/profesorii\/lect-univ-dr-gurau-mariana\/\"><strong> Lect. univ. dr.\u00a0GUR\u0102U Mariana <\/strong><\/a><\/li><li> <a href=\"http:\/\/www.univnt.ro\/index.php\/profesorii\/lect-univ-dr-iliescu-elena-mihaela\/\"><strong>Lect. univ. dr.\u00a0ILIESCU Elena Mihaela <\/strong><\/a><\/li><li> <a href=\"http:\/\/www.univnt.ro\/index.php\/profesorii\/lect-univ-dr-margulescu-elena\/\"><strong> Lect. univ. dr.\u00a0M\u0102RGULESCU Elena <\/strong><\/a><\/li><li> <a href=\"http:\/\/www.univnt.ro\/index.php\/profesorii\/lect-univ-dr-matei-nicoleta-cristina\/\"><strong>Lect. univ. dr.\u00a0MATEI Nicoleta Cristina <\/strong><\/a><\/li><li><a href=\"http:\/\/www.univnt.ro\/index.php\/profesorii\/lect-univ-dr-neagu-camelia\/\"><strong> Lect. univ. dr.\u00a0NEAGU Camelia <\/strong><\/a><\/li><li><a href=\"http:\/\/www.univnt.ro\/index.php\/profesorii\/asist-univ-dr-nicolescu-maria-loredana\/\"><strong>Lect. univ. dr.\u00a0NICOLESCU Maria Loredana<\/strong><\/a><\/li><li><a href=\"http:\/\/www.univnt.ro\/index.php\/profesorii\/asist-univ-dr-panait-nicoleta\/\"><strong>Lect. univ. dr.\u00a0PANAIT Nicoleta<\/strong><\/a><\/li><li><a href=\"http:\/\/www.univnt.ro\/index.php\/profesorii\/asist-univ-dr-platon-otilia-elena\/\"><strong>Lect. univ. dr.\u00a0PLATON Otilia-Elena<\/strong><\/a><\/li><li> <a href=\"http:\/\/www.univnt.ro\/index.php\/profesorii\/lect-univ-dr-stefan-duicu-viorica-mirela\/\"><strong>Lect. univ. dr.\u00a0\u015eTEFAN-DUICU Viorica-Mirela<\/strong><\/a> <\/li><li> <a href=\"http:\/\/www.univnt.ro\/index.php\/profesorii\/lect-univ-dr-stroe-mihaela-andreea\/\"><strong>Lect. univ. dr.\u00a0STROE Mihaela Andreea <\/strong><\/a><\/li><li><strong><a href=\"http:\/\/www.univnt.ro\/index.php\/profesorii\/lect-univ-dr-voicu-mirela-cristina\/\"> Lect. univ. dr.\u00a0VOICU Mirela-Cristina <\/a><\/strong><\/li><li> <a href=\"http:\/\/www.univnt.ro\/index.php\/profesorii\/asist-univ-dr-chivulescu-felicia-alina\/\"><strong>Asist. univ. dr.\u00a0CHIVULESCU Felicia Alina<\/strong><\/a><\/li><\/ol>\n\n\n\n<p><\/p>\n","protected":false},"excerpt":{"rendered":"<p>Prof. univ. dr. JULA Nicoleta Prof. univ. dr. M\u0102RGULESCU Serghei Prof. univ. dr. NEDELCU Elena Prof. univ. dr. VASILE Valentina &hellip; <\/p>\n","protected":false},"author":1,"featured_media":0,"parent":112,"menu_order":0,"comment_status":"closed","ping_status":"closed","template":"","meta":{"_mi_skip_tracking":false},"_links":{"self":[{"href":"https:\/\/www2.univnt.ro\/index.php\/wp-json\/wp\/v2\/pages\/123"}],"collection":[{"href":"https:\/\/www2.univnt.ro\/index.php\/wp-json\/wp\/v2\/pages"}],"about":[{"href":"https:\/\/www2.univnt.ro\/index.php\/wp-json\/wp\/v2\/types\/page"}],"author":[{"embeddable":true,"href":"https:\/\/www2.univnt.ro\/index.php\/wp-json\/wp\/v2\/users\/1"}],"replies":[{"embeddable":true,"href":"https:\/\/www2.univnt.ro\/index.php\/wp-json\/wp\/v2\/comments?post=123"}],"version-history":[{"count":9,"href":"https:\/\/www2.univnt.ro\/index.php\/wp-json\/wp\/v2\/pages\/123\/revisions"}],"predecessor-version":[{"id":3715,"href":"https:\/\/www2.univnt.ro\/index.php\/wp-json\/wp\/v2\/pages\/123\/revisions\/3715"}],"up":[{"embeddable":true,"href":"https:\/\/www2.univnt.ro\/index.php\/wp-json\/wp\/v2\/pages\/112"}],"wp:attachment":[{"href":"https:\/\/www2.univnt.ro\/index.php\/wp-json\/wp\/v2\/media?parent=123"}],"curies":[{"name":"wp","href":"https:\/\/api.w.org\/{rel}","templated":true}]}}