{"id":854,"date":"2020-08-02T10:48:58","date_gmt":"2020-08-02T10:48:58","guid":{"rendered":"http:\/\/www.univnt.ro\/?page_id=854"},"modified":"2021-09-17T13:21:47","modified_gmt":"2021-09-17T13:21:47","slug":"ccoc","status":"publish","type":"page","link":"https:\/\/www2.univnt.ro\/index.php\/ccoc\/","title":{"rendered":"CCOC"},"content":{"rendered":"\t\t<div data-elementor-type=\"wp-page\" data-elementor-id=\"854\" class=\"elementor elementor-854\">\n\t\t\t\t\t\t<div class=\"elementor-inner\">\n\t\t\t\t<div class=\"elementor-section-wrap\">\n\t\t\t\t\t\t\t\t\t<section class=\"elementor-section elementor-top-section elementor-element elementor-element-232c9ff9 elementor-section-boxed elementor-section-height-default elementor-section-height-default\" data-id=\"232c9ff9\" data-element_type=\"section\">\n\t\t\t\t\t\t<div class=\"elementor-container elementor-column-gap-default\">\n\t\t\t\t\t\t\t<div class=\"elementor-row\">\n\t\t\t\t\t<div class=\"elementor-column elementor-col-100 elementor-top-column elementor-element elementor-element-1b421d61\" data-id=\"1b421d61\" data-element_type=\"column\">\n\t\t\t<div class=\"elementor-column-wrap elementor-element-populated\">\n\t\t\t\t\t\t\t<div class=\"elementor-widget-wrap\">\n\t\t\t\t\t\t<div class=\"elementor-element elementor-element-637269cc elementor-widget elementor-widget-text-editor\" data-id=\"637269cc\" data-element_type=\"widget\" data-widget_type=\"text-editor.default\">\n\t\t\t\t<div class=\"elementor-widget-container\">\n\t\t\t\t\t\t\t\t<div class=\"elementor-text-editor elementor-clearfix\">\n\t\t\t\t<p><!-- wp:paragraph --><\/p>\n<p><strong>CENTRUL DE CONSILIERE SI ORIENTARE IN CARIER\u0102 (CCOC)<\/strong><\/p>\n<p><!-- \/wp:paragraph --><\/p>\n<p><!-- wp:paragraph --><\/p>\n<p><strong>Obiectivul fundamentalal CCOC<\/strong>\u00a0il constituie cre\u015fterea oportunit\u0103\u0163ii de angajare a absolven\u0163ilor Universit\u0103\u0163ii ,, Nicolae Titulescu\u2019\u2019 pe pia\u0163a muncii, vizand:<br \/>a) orientarea \u015fi consilierea elevilor\/studen\u0163ilor astfel \u00eenc\u00e2t ace\u015ftia s\u0103 poat\u0103\u00a0 fi capabili s\u0103-\u015fi planifice \u015fi gestioneze \u00een mod optim propriul traseu educa\u0163ional \u015fi de carier\u0103;<br \/>b) reducerea abandonului universitar cauzat de motive profesionale sau de orientare \u00een carier\u0103, precum \u015fi de motive personale sau de adaptare la mediul universitar;<br \/>c) facilitarea rela\u0163iei dintre studen\u0163i\/ absolven\u0163i \u015fi pia\u0163a muncii;<br \/>d) cre\u015fterea angajabilit\u0103\u0163ii absolven\u0163ilor \u00een domeniile de studii absolvite;<br \/><br \/><strong>Beneficiarii activit\u0103\u0163ii Centrului de Consiliere \u015fi Orientare \u00een Carier\u0103<\/strong><br \/>a) CCOC deserve\u015fte studen\u0163ii Universit\u0103\u0163ii ,, Nicolae Titulescu \u201c din Bucure\u015fti, indiferent de forma de \u00eenv\u0103\u0163\u0103m\u00e2nt sau de programul de studiu frecventat;<br \/>b) CCOC ofer\u0103 servicii de informare, orientare \u015fi consiliere\u00a0 elevilor din anii terminali de liceu, \u00een baza parteneriatelor \u00eencheiate cu unit\u0103\u0163ile din \u00eenv\u0103\u0163\u0103m\u00e2ntul preuniversitar;<br \/>c) CCOC deserve\u015fte absolven\u0163ii de studii superioare din interiorul sau din afara Universit\u0103\u0163ii interesa\u0163i de oferta de preg\u0103tire profesional\u0103 pe tot parcursul vie\u0163ii;<br \/>d) CCOC deserve\u015fte firmele, companiile \u015fi institu\u0163iile de profil (\u00een domenii \u00een care UNT preg\u0103te\u015fte speciali\u015fti).<\/p>\n<p><!-- \/wp:paragraph --><\/p>\n<p><!-- wp:paragraph --><\/p>\n<p><strong>Principalele activit\u0103\u0163i desfa\u015furate de CCOC pentru realizarea misiunii sale:<\/strong><br \/>a) informarea, orientarea si consilierea studen\u0163ilor UNT\u015fi a elevilor din anii terminali de liceu<br \/>b) ac\u0163iuni legate de cre\u015fterea gradului de inser\u0163ie pe pia\u0163a muncii a studen\u0163ilor \u015fi absolven\u0163ilor<br \/>c) informarea si consilierea elevilor asupra rutelor educa\u0163ionale \u015fiocupa\u0163ionale disponibile \u00een cadrul curriculei universitare, a sistemului de credite transferabile la nivel universitar, \u00een conformitate cu Registrul na\u0163ional al calific\u0103rilor \u00een \u00eenv\u0103\u0163\u0103m\u00e2ntul superior \u015fiCadrul na\u0163ional al calific\u0103rilor<br \/>d) informarea \u015fi consilierea studen\u0163ilor asupra rutelor educa\u0163ionale si ocupa\u0163ionale din cadrul institu\u0163iilor de \u00eenv\u0103\u0163\u0103m\u00e2nt superior, pentru cicluri de \u00eenv\u0103\u0163\u0103m\u00e2nt superioare:<br \/>\u00a0\u00a0\u00a0 &#8211; elaborarea de materiale de prezentare a ofertelor pentru ciclurile de \u00eenv\u0103\u0163\u0103m\u00e2nt superioare;<br \/>\u00a0\u00a0\u00a0 &#8211; organizarea si desf\u0103surarea activit\u0103\u0163ilor de consiliere individual\u0103 si de grup pe probleme de managementul carierei;<br \/>\u00a0\u00a0\u00a0 &#8211; consilierea studen\u0163ilor pentru dezvoltarea de planuri adecvate de carier\u0103 si de formare profesional\u0103, precum si consilierea studen\u0163ilor pentru a explora planuri de carier\u0103 alternative.<br \/>e) activit\u0103\u0163i de tutoriat potrivit Procedurii privind desf\u0103surarea activit\u0103\u0163ilor de tutoriat.<\/p>\n<p><a href=\"http:\/\/www.univnt.ro\/wp-content\/uploads\/ccoc\/RAP_CCOC_2019_2020.pdf\"><strong>Descarc\u0103<\/strong><\/a>\u00a0Raportul de Activitate a CCOC: 2019-2020<\/p>\n<p><a href=\"http:\/\/www.univnt.ro\/wp-content\/uploads\/ccoc\/RAP_CCOC_2018_2019.pdf\"><strong>Descarc\u0103<\/strong><\/a>\u00a0Raportul de Activitate a CCOC: 2018-2019<\/p>\n<p><!-- \/wp:paragraph --><\/p>\n<p><!-- wp:paragraph --><\/p>\n<p><a href=\"http:\/\/www.univnt.ro\/wp-content\/uploads\/ccoc\/RAP. CCOC2017-2018.pdf\"><strong>Descarc\u0103<\/strong><\/a> Raportul de Activitate a CCOC: 2017-2018<\/p>\n<p><!-- \/wp:paragraph --><\/p>\n<p><!-- wp:paragraph --><\/p>\n<p><a href=\"http:\/\/www.univnt.ro\/wp-content\/uploads\/ccoc\/RAP. CCOC2016-2017.pdf\"><strong>Descarc\u0103<\/strong><\/a> Raportul de Activitate a CCOC: 2016-2017<\/p>\n<p><!-- \/wp:paragraph --><\/p>\n<p><!-- wp:paragraph --><\/p>\n<p><strong><a href=\"http:\/\/www.univnt.ro\/wp-content\/uploads\/ccoc\/Raport_CCOC_2017.pdf\">Descarc\u0103<\/a><\/strong> Raportul de Activitate a CCOC: 2015-2016<\/p>\n<p><!-- \/wp:paragraph --><\/p>\n<p><!-- wp:paragraph --><\/p>\n<p><strong><a href=\"http:\/\/www.univnt.ro\/wp-content\/uploads\/ccoc\/Programul_activitatilor_CCOC.pdf\">Descarc\u0103<\/a><\/strong> Programul activit\u0103\u0163ilor CCOC<\/p>\n<p><!-- \/wp:paragraph --><\/p>\n<p><!-- wp:paragraph --><\/p>\n<p><!-- \/wp:paragraph --><\/p>\t\t\t\t\t<\/div>\n\t\t\t\t\t\t<\/div>\n\t\t\t\t<\/div>\n\t\t\t\t\t\t<\/div>\n\t\t\t\t\t<\/div>\n\t\t<\/div>\n\t\t\t\t\t\t\t\t<\/div>\n\t\t\t\t\t<\/div>\n\t\t<\/section>\n\t\t\t\t\t\t\t\t\t<\/div>\n\t\t\t<\/div>\n\t\t\t\t\t<\/div>\n\t\t","protected":false},"excerpt":{"rendered":"<p>CENTRUL DE CONSILIERE SI ORIENTARE IN CARIER\u0102 (CCOC) Obiectivul fundamentalal CCOC\u00a0il constituie cre\u015fterea oportunit\u0103\u0163ii de angajare a absolven\u0163ilor Universit\u0103\u0163ii ,, &hellip; <\/p>\n","protected":false},"author":1,"featured_media":0,"parent":0,"menu_order":0,"comment_status":"closed","ping_status":"closed","template":"","meta":{"_mi_skip_tracking":false},"_links":{"self":[{"href":"https:\/\/www2.univnt.ro\/index.php\/wp-json\/wp\/v2\/pages\/854"}],"collection":[{"href":"https:\/\/www2.univnt.ro\/index.php\/wp-json\/wp\/v2\/pages"}],"about":[{"href":"https:\/\/www2.univnt.ro\/index.php\/wp-json\/wp\/v2\/types\/page"}],"author":[{"embeddable":true,"href":"https:\/\/www2.univnt.ro\/index.php\/wp-json\/wp\/v2\/users\/1"}],"replies":[{"embeddable":true,"href":"https:\/\/www2.univnt.ro\/index.php\/wp-json\/wp\/v2\/comments?post=854"}],"version-history":[{"count":16,"href":"https:\/\/www2.univnt.ro\/index.php\/wp-json\/wp\/v2\/pages\/854\/revisions"}],"predecessor-version":[{"id":3608,"href":"https:\/\/www2.univnt.ro\/index.php\/wp-json\/wp\/v2\/pages\/854\/revisions\/3608"}],"wp:attachment":[{"href":"https:\/\/www2.univnt.ro\/index.php\/wp-json\/wp\/v2\/media?parent=854"}],"curies":[{"name":"wp","href":"https:\/\/api.w.org\/{rel}","templated":true}]}}