{"id":970,"date":"2020-08-12T11:56:39","date_gmt":"2020-08-12T11:56:39","guid":{"rendered":"http:\/\/www.univnt.ro\/?page_id=970"},"modified":"2020-09-24T11:54:45","modified_gmt":"2020-09-24T11:54:45","slug":"constant","status":"publish","type":"page","link":"https:\/\/www2.univnt.ro\/index.php\/constant\/","title":{"rendered":"CONSTANT"},"content":{"rendered":"\n<p class=\"has-text-align-center\"><strong>Pentru pagina noua va rugam accesati:<\/strong><\/p>\n\n\n\n<div class=\"wp-block-button aligncenter\"><a class=\"wp-block-button__link\" href=\"http:\/\/constant.univnt.ro\/\">constant.univnt.ro<\/a><\/div>\n\n\n\n<p><strong>CONSTANT<\/strong>&#8211; Conferin\u0163a studen\u0163easc\u0103 anual\u0103 \u201cNicolae Titulescu\u201d, manifestare&nbsp;cu caracter interna\u0163ional, organizat\u0103 de Universitatea \u201cNicolae Titulescu\u201d din Bucure\u015fti \u015fi Universitatea din Miskolc, Ungaria, \u00een parteneriat cu Funda\u0163ia de Drept \u015fi Rela\u0163ii Interna\u0163ionale \u201cNicolae Titulescu\u201d \u015fi Editura Universit\u0103\u0163ii \u201cNicolae Titulescu\u201d din Bucure\u015fti, reprezint\u0103 o oportunitate pentru studen\u0163i \u015fi masteranzi de a elabora \u015fi prezenta studii \u00een domenii interdisciplinare (\u015ftiin\u0163e juridice, \u015ftiin\u0163e economice \u015fi \u015ftiin\u0163e sociale \u015fi administrative), de a se integra \u00een societatea cunoa\u015fterii, caracterizat\u0103, printre altele, de necesitatea existen\u0163ei unor manifest\u0103ri \u015ftiin\u0163ifice de profil.<\/p>\n\n\n\n<p>Dintr-o alt\u0103 perspectiv\u0103,&nbsp;<strong>CONSTANT&nbsp;<\/strong>constituie un motiv de consolidare a rela\u0163iei fundamentale profesor-student, maestru-discipol, \u00een jurul c\u0103reia se cl\u0103de\u015fte mare parte a lumii universitare. Studentul are nevoie de cunoa\u015fterea profesorului. \u00cen egal\u0103 m\u0103sur\u0103, profesorul are nevoie (\u015fi este dator) s\u0103 ofere cunoa\u015ftere, s\u0103 ghideze t\u00e2n\u0103rul cercet\u0103tor \u00een studiul necesar \u00eentocmirii unei lucr\u0103ri \u015ftiin\u0163ifice.<\/p>\n\n\n\n<p>Prin participarea la&nbsp;<strong>CONSTANT<\/strong>, urmare a procesului de recenzare efectuat de comitetul \u015ftiin\u0163ific constituit, studen\u0163ii \u015fi masteranzii \u00eenregistra\u0163i vor avea posibilitatea de a publica studiile elaborate \u00een&nbsp;<strong>CONSTANT-eBook<\/strong>, proceeding editat de Editura Universit\u0103\u0163ii \u201cNicolae Titulescu\u201d din Bucure\u015fti.&nbsp;<strong>CONSTANT&nbsp;<\/strong>se va desf\u0103\u015fura \u00een limba rom\u00e2n\u0103 \u015fi limba englez\u0103 (textele expediate vor fi redactate \u00een limba rom\u00e2n\u0103 \u015fi abstractul studiului \u00een limba rom\u00e2n\u0103).\n\n<\/p>\n","protected":false},"excerpt":{"rendered":"<p>Pentru pagina noua va rugam accesati: CONSTANT&#8211; Conferin\u0163a studen\u0163easc\u0103 anual\u0103 \u201cNicolae Titulescu\u201d, manifestare&nbsp;cu caracter interna\u0163ional, organizat\u0103 de Universitatea \u201cNicolae Titulescu\u201d &hellip; <\/p>\n","protected":false},"author":1,"featured_media":0,"parent":0,"menu_order":0,"comment_status":"closed","ping_status":"closed","template":"","meta":{"_mi_skip_tracking":false},"_links":{"self":[{"href":"https:\/\/www2.univnt.ro\/index.php\/wp-json\/wp\/v2\/pages\/970"}],"collection":[{"href":"https:\/\/www2.univnt.ro\/index.php\/wp-json\/wp\/v2\/pages"}],"about":[{"href":"https:\/\/www2.univnt.ro\/index.php\/wp-json\/wp\/v2\/types\/page"}],"author":[{"embeddable":true,"href":"https:\/\/www2.univnt.ro\/index.php\/wp-json\/wp\/v2\/users\/1"}],"replies":[{"embeddable":true,"href":"https:\/\/www2.univnt.ro\/index.php\/wp-json\/wp\/v2\/comments?post=970"}],"version-history":[{"count":5,"href":"https:\/\/www2.univnt.ro\/index.php\/wp-json\/wp\/v2\/pages\/970\/revisions"}],"predecessor-version":[{"id":2033,"href":"https:\/\/www2.univnt.ro\/index.php\/wp-json\/wp\/v2\/pages\/970\/revisions\/2033"}],"wp:attachment":[{"href":"https:\/\/www2.univnt.ro\/index.php\/wp-json\/wp\/v2\/media?parent=970"}],"curies":[{"name":"wp","href":"https:\/\/api.w.org\/{rel}","templated":true}]}}